{"id":299,"date":"2025-12-19T18:00:49","date_gmt":"2025-12-19T21:00:49","guid":{"rendered":"https:\/\/magicbyte.tec.br\/?page_id=299"},"modified":"2025-12-20T09:06:46","modified_gmt":"2025-12-20T12:06:46","slug":"academia-do-software-livre","status":"publish","type":"page","link":"https:\/\/magicbyte.tec.br\/index.php\/academia-do-software-livre\/","title":{"rendered":"Academia do software livre."},"content":{"rendered":"\n<p>Quem sou?<\/p>\n\n\n\n<p>Sou m um antigo estudante, apaixonado por tecnologia.<\/p>\n\n\n\n<p>Desde bem jovens portador de habilidades especiais.<\/p>\n\n\n\n<p>Um conjunto de caracter\u00edsticas que me fazem um autodidata, bem fora do comum.<\/p>\n\n\n\n<p>Sempre estudando e me aperfei\u00e7oando como educador.<\/p>\n\n\n\n<p>Come\u00e7ando com aulas particulares de disciplinas que se encontravam dentro e fora de meu curr\u00edculo.<\/p>\n\n\n\n<p>Minha grade curricular se tornou pequena perto dos estudos que realizei de forma livre e independente em \u00e1reas de meu interesse.&#8217;<\/p>\n\n\n\n<h2 class=\"wp-block-heading\"><\/h2>\n\n\n\n<p>A id\u00e9ia de um curso livre diferente.<\/p>\n\n\n\n<p>Como estudei para o exerc\u00edcio do magist\u00e9rio, elaboro meus estudos pesquisas, m\u00e9todos de ensino, conte\u00fados e muitas outras coisas seguindo um padr\u00e3o de funcionalidade e efic\u00e1cia.<\/p>\n\n\n\n<p>Tenho hojs alguns dom\u00ednios na web.<\/p>\n\n\n\n<p>Um deles \u00e9 o da academia do software livre.<\/p>\n\n\n\n<p>O que ainda n\u00e3o \u00e9 uma institui\u00e7\u00e3o, mas um sonho que pode vir a se construir.<\/p>\n\n\n\n<p>Sozinho j\u00e1 desempenhei muitas tarefas e atividades, sendo que minha melhor compania sempre \u00e9 &#8220;Deus&#8221;.<\/p>\n\n\n\n<p>Elaborei h\u00e1 uns 16 anos atr\u00e1s um plano de ensino coltado para computa\u00e7\u00e3o e ci\u00eancia da informa\u00e7\u00e3o.<\/p>\n\n\n\n<p>Esse modelo, foi apresentado a mim por um velho amigo, o Eng. Everaldo Bruno.<\/p>\n\n\n\n<p>Juntos elaboramos algumas etapas de aprendizado essenciais para qualquer pessoa que realmente queira aprender sobre computa\u00e7\u00e3o e tecnologia.<\/p>\n\n\n\n<p>Para conhecer nosso trabalho, posso aqui mostrar o in\u00edcio de nosso curriculos com os conte\u00fados originais utilizados uns vinte anos atr\u00e1s.<\/p>\n\n\n\n<p><\/p>\n\n\n\n<p>Assim mostrando que o conte\u00fado de muitos de meus cursos n\u00e3o se desperdi\u00e7ou.<\/p>\n\n\n\n<p>Tendo este v\u00e1rias finalidades e objetivos para ida do educando.<\/p>\n\n\n\n<p><a href=\"http:\/\/magicbyte.tec.br\/Curso-cap\/html\/\">Conte\u00fado do curso inicial de capacita\u00e7\u00e3o em ci\u00eancia da computa\u00e7\u00e3o.<\/a><\/p>\n\n\n\n<p>Ap\u00f3s muitas revis\u00f5es e utiliza\u00e7\u00e3o larga por uns anos dessa estrutura e modelo de curso, me apliquei nos recentes 5 anos em elaborar uma s\u00e9rie de recuros para professores.<\/p>\n\n\n\n<p>Utilizando IA e tamb\u00e9m muitos outros recuross que vejo mais confi\u00e1vei e permitem \u00e9 claro integra\u00e7\u00e3o com IA.<a href=\"http:\/\/www.asl-sl.com.br\">Academia do software livre.<\/a><\/p>\n","protected":false},"excerpt":{"rendered":"<p>Quem sou? Sou m um antigo estudante, apaixonado por tecnologia. Desde bem jovens portador de habilidades especiais. Um conjunto de caracter\u00edsticas que me fazem um &hellip;<\/p>\n","protected":false},"author":1,"featured_media":0,"parent":0,"menu_order":0,"comment_status":"closed","ping_status":"closed","template":"","meta":{"footnotes":""},"class_list":["post-299","page","type-page","status-publish","hentry"],"_links":{"self":[{"href":"https:\/\/magicbyte.tec.br\/index.php\/wp-json\/wp\/v2\/pages\/299","targetHints":{"allow":["GET"]}}],"collection":[{"href":"https:\/\/magicbyte.tec.br\/index.php\/wp-json\/wp\/v2\/pages"}],"about":[{"href":"https:\/\/magicbyte.tec.br\/index.php\/wp-json\/wp\/v2\/types\/page"}],"author":[{"embeddable":true,"href":"https:\/\/magicbyte.tec.br\/index.php\/wp-json\/wp\/v2\/users\/1"}],"replies":[{"embeddable":true,"href":"https:\/\/magicbyte.tec.br\/index.php\/wp-json\/wp\/v2\/comments?post=299"}],"version-history":[{"count":7,"href":"https:\/\/magicbyte.tec.br\/index.php\/wp-json\/wp\/v2\/pages\/299\/revisions"}],"predecessor-version":[{"id":317,"href":"https:\/\/magicbyte.tec.br\/index.php\/wp-json\/wp\/v2\/pages\/299\/revisions\/317"}],"wp:attachment":[{"href":"https:\/\/magicbyte.tec.br\/index.php\/wp-json\/wp\/v2\/media?parent=299"}],"curies":[{"name":"wp","href":"https:\/\/api.w.org\/{rel}","templated":true}]}}